{"id":217,"date":"2019-03-01T14:36:04","date_gmt":"2019-03-01T13:36:04","guid":{"rendered":"http:\/\/www.ecgard.fr\/wpec\/?page_id=217"},"modified":"2023-04-11T08:31:08","modified_gmt":"2023-04-11T06:31:08","slug":"colleges-sous-tutelles-congreganistes","status":"publish","type":"page","link":"https:\/\/www.ecgard.fr\/wpec\/colleges-sous-tutelles-congreganistes\/","title":{"rendered":"Coll\u00e8ges sous tutelles congr\u00e9ganistes"},"content":{"rendered":"\n<p>L\u2019enseignement catholique du Gard compte 16 coll\u00e8ges dont 8 sous tutelles congr\u00e9ganistes.<br>Liste des coll\u00e8ges class\u00e9s par commune <br><\/p>\n\n\n\n<ul class=\"wp-block-list\">\n<li><a rel=\"noreferrer noopener\" aria-label=\"Al\u00e8s - Bellevue - Marie Rivier (s\u2019ouvre dans un nouvel onglet)\" href=\"https:\/\/www.institution-bellevue.fr\/\" target=\"_blank\">Al\u00e8s &#8211; Bellevue &#8211; Marie Rivier<\/a> [Congr\u00e9gation de la pr\u00e9sentation de Marie]<\/li>\n\n\n\n<li><a href=\"https:\/\/www.lyceedelasalle.com\/college-lycee-la-salle-ales\">Al\u00e8s &#8211; De La Salle<\/a> [Congr\u00e9gation des Fr\u00e8res des Ecoles Chr\u00e9tiennes]<\/li>\n\n\n\n<li><a rel=\"noreferrer noopener\" aria-label=\"Beaucaire - D'Alzon (s\u2019ouvre dans un nouvel onglet)\" href=\"https:\/\/www.dalzon.com\/accueil-beaucaire\" target=\"_blank\">Beaucaire &#8211; Emmanuel D&rsquo;Alzon<\/a> [Congr\u00e9gation des Oblates de l&rsquo;Assomption] &#8211; La Salle<\/li>\n\n\n\n<li><a rel=\"noreferrer noopener\" aria-label=\"Le Grau du Roi - D'Alzon (s\u2019ouvre dans un nouvel onglet)\" href=\"https:\/\/www.dalzon.com\/accueil-grau-du-roi\/college-grau-du-roi\" target=\"_blank\">Le Grau du Roi &#8211; Emmanuel D&rsquo;Alzon<\/a> [Congr\u00e9gation des Oblates de l&rsquo;Assomption] <\/li>\n\n\n\n<li><a rel=\"noreferrer noopener\" aria-label=\"N\u00eemes - D'Alzon (s\u2019ouvre dans un nouvel onglet)\" href=\"https:\/\/www.dalzon.com\/accueil-nimes\/college-nimes\" target=\"_blank\">N\u00eemes &#8211; Emmanuel D&rsquo;Alzon<\/a> [Congr\u00e9gation des Oblates de l&rsquo;Assomption]  <\/li>\n\n\n\n<li><a rel=\"noreferrer noopener\" aria-label=\"N\u00eemes - La Valsainte (s\u2019ouvre dans un nouvel onglet)\" href=\"https:\/\/www.institut-valsainte.fr\/\" target=\"_blank\">N\u00eemes &#8211; La Valsainte<\/a> [Congr\u00e9gation des S\u0153urs de la Charit\u00e9]<\/li>\n\n\n\n<li><a href=\"https:\/\/www.delasalle-nimes.fr\/\" target=\"_blank\" rel=\"noreferrer noopener\">N\u00eemes &#8211; Saint Jean Baptiste de La Salle<\/a> [Congr\u00e9gation des Fr\u00e8res des Ecoles Chr\u00e9tiennes]<\/li>\n\n\n\n<li><a rel=\"noreferrer noopener\" aria-label=\"Sommi\u00e8res - Maintenon (s\u2019ouvre dans un nouvel onglet)\" href=\"http:\/\/www.maintenon.org\/\" target=\"_blank\">Sommi\u00e8res &#8211; Maintenon<\/a> [Congr\u00e9gation des Ursulines de Malet]<\/li>\n\n\n\n<li><a rel=\"noreferrer noopener\" aria-label=\"Vestric-Candiac - D'Alzon (s\u2019ouvre dans un nouvel onglet)\" href=\"https:\/\/www.dalzon.com\/accueil-vestric\" target=\"_blank\">Vestric-Candiac &#8211; Emmanuel D&rsquo;Alzon<\/a> [Congr\u00e9gation des Oblates de l&rsquo;Assomption]  <\/li>\n<\/ul>\n","protected":false},"excerpt":{"rendered":"<p>L\u2019enseignement catholique du Gard compte 16 coll\u00e8ges dont 8 sous tutelles congr\u00e9ganistes.Liste des coll\u00e8ges class\u00e9s par commune<\/p>\n","protected":false},"author":2,"featured_media":0,"parent":0,"menu_order":0,"comment_status":"closed","ping_status":"closed","template":"","meta":{"footnotes":""},"class_list":["post-217","page","type-page","status-publish","hentry"],"_links":{"self":[{"href":"https:\/\/www.ecgard.fr\/wpec\/wp-json\/wp\/v2\/pages\/217","targetHints":{"allow":["GET"]}}],"collection":[{"href":"https:\/\/www.ecgard.fr\/wpec\/wp-json\/wp\/v2\/pages"}],"about":[{"href":"https:\/\/www.ecgard.fr\/wpec\/wp-json\/wp\/v2\/types\/page"}],"author":[{"embeddable":true,"href":"https:\/\/www.ecgard.fr\/wpec\/wp-json\/wp\/v2\/users\/2"}],"replies":[{"embeddable":true,"href":"https:\/\/www.ecgard.fr\/wpec\/wp-json\/wp\/v2\/comments?post=217"}],"version-history":[{"count":7,"href":"https:\/\/www.ecgard.fr\/wpec\/wp-json\/wp\/v2\/pages\/217\/revisions"}],"predecessor-version":[{"id":777,"href":"https:\/\/www.ecgard.fr\/wpec\/wp-json\/wp\/v2\/pages\/217\/revisions\/777"}],"wp:attachment":[{"href":"https:\/\/www.ecgard.fr\/wpec\/wp-json\/wp\/v2\/media?parent=217"}],"curies":[{"name":"wp","href":"https:\/\/api.w.org\/{rel}","templated":true}]}}