{"id":29,"date":"2018-10-23T14:36:41","date_gmt":"2018-10-23T12:36:41","guid":{"rendered":"http:\/\/www.ecgard.fr\/wpec\/?page_id=29"},"modified":"2018-11-07T15:31:39","modified_gmt":"2018-11-07T14:31:39","slug":"la-pastorale","status":"publish","type":"page","link":"https:\/\/www.ecgard.fr\/wpec\/la-pastorale\/","title":{"rendered":"Pastorale"},"content":{"rendered":"<p style=\"text-align: center;\"><em>\u00ab La personne de chacun, dans ses besoins mat\u00e9riels et spirituels est au centre de l\u2019enseignement de J\u00e9sus :<br \/>\nc\u2019est pour cela que la promotion de la personne humaine est le but de l\u2019enseignement catholique. \u00bb<\/em> <span style=\"font-size: 10pt;\">Jean Paul II<\/span><\/p>\n<p><span style=\"color: #ff00ff;\"><strong>En Christ 2018 &#8211; Synode des Jeunes<\/strong><\/span><\/p>\n<p>\u00ab Ouvert en septembre 2016, le Synode des jeunes du dioc\u00e8se aboutira \u00e0 un rassemblement de port\u00e9e dioc\u00e9saine le samedi 24 mars 2018, \u00e0 la veille des Rameaux et de la Journ\u00e9e mondiale de la jeunesse. D\u00e8s \u00e0 pr\u00e9sent retenons cette date. Puisque l\u2019Esprit du Seigneur nous fait \u00ab membres les uns des autres \u00bb nous ne pouvons que nous sentir concern\u00e9s. Puisse cette d\u00e9marche, comme tous les projets de nos communaut\u00e9s, nous faire \u00e9prouver la joie de la foi, le dynamisme de l\u2019esp\u00e9rance et la f\u00e9condit\u00e9 de la charit\u00e9 ! \u00bb \u00e9crit Mgr Robert Wattebled dans son message de rentr\u00e9e.<\/p>\n<p><strong><span style=\"color: #ff00ff;\">En Christ 2018 &#8211; Les Equipes d&rsquo;Animation Pastorale et les Conseils de Pastorale<\/span><\/strong><\/p>\n<p>Sous l\u2019impulsion des EAP et des CP les communaut\u00e9s paroissiales seront associ\u00e9es \u00e0 la d\u00e9marche qui, d\u2019une assembl\u00e9e synodale des jeunes \u00e0 l\u2019autre, conduira au rassemblement \u00ab En Christ, Tous membres les uns des autres \u00bb, samedi 24 mars, \u00e0 Notre Dame de la Gardiole.<\/p>\n<p>De leur c\u00f4t\u00e9, les services dioc\u00e9sains (cat\u00e9ch\u00e8se, Pastorale familiale, Enseignement catholique\u2026) et l\u2019apostolat des la\u00efcs (dans ses diff\u00e9rentes formes) seront invit\u00e9s \u00e0 mobiliser leurs propres r\u00e9seaux. Tout cela en vue d\u2019un \u00ab marcher ensemble \u00bb \u00e0 la suite du Christ qui fortifie notre foi et notre unit\u00e9, renouvelle l\u2019audace missionnaire entre nous et autour de nous.<\/p>\n<p><span style=\"color: #ff00ff;\">\u21d2<\/span> L&rsquo;adjoint en pastorale est Monsieur Alain Novel<\/p>\n","protected":false},"excerpt":{"rendered":"<p>\u00ab La personne de chacun, dans ses besoins mat\u00e9riels et spirituels est au centre de l\u2019enseignement de J\u00e9sus : c\u2019est pour cela que la promotion de la personne humaine est le but de l\u2019enseignement catholique. \u00bb Jean Paul II En Christ 2018 &#8211; Synode des Jeunes \u00ab Ouvert en septembre 2016, le [&#8230;]<\/p>\n","protected":false},"author":2,"featured_media":0,"parent":0,"menu_order":0,"comment_status":"closed","ping_status":"closed","template":"","meta":{"footnotes":""},"class_list":["post-29","page","type-page","status-publish","hentry"],"_links":{"self":[{"href":"https:\/\/www.ecgard.fr\/wpec\/wp-json\/wp\/v2\/pages\/29","targetHints":{"allow":["GET"]}}],"collection":[{"href":"https:\/\/www.ecgard.fr\/wpec\/wp-json\/wp\/v2\/pages"}],"about":[{"href":"https:\/\/www.ecgard.fr\/wpec\/wp-json\/wp\/v2\/types\/page"}],"author":[{"embeddable":true,"href":"https:\/\/www.ecgard.fr\/wpec\/wp-json\/wp\/v2\/users\/2"}],"replies":[{"embeddable":true,"href":"https:\/\/www.ecgard.fr\/wpec\/wp-json\/wp\/v2\/comments?post=29"}],"version-history":[{"count":5,"href":"https:\/\/www.ecgard.fr\/wpec\/wp-json\/wp\/v2\/pages\/29\/revisions"}],"predecessor-version":[{"id":966,"href":"https:\/\/www.ecgard.fr\/wpec\/wp-json\/wp\/v2\/pages\/29\/revisions\/966"}],"wp:attachment":[{"href":"https:\/\/www.ecgard.fr\/wpec\/wp-json\/wp\/v2\/media?parent=29"}],"curies":[{"name":"wp","href":"https:\/\/api.w.org\/{rel}","templated":true}]}}